{"id":49,"date":"2011-01-08T22:30:47","date_gmt":"2011-01-08T21:30:47","guid":{"rendered":"http:\/\/guenni.net\/haxel\/?page_id=49"},"modified":"2026-02-15T13:28:52","modified_gmt":"2026-02-15T12:28:52","slug":"weinproben","status":"publish","type":"page","link":"https:\/\/haxel.de\/?page_id=49","title":{"rendered":"Weinproben"},"content":{"rendered":"<p><span style=\"font-family: Book Antiqua; color: #000000; font-size: xx-small;\"><span style=\"font-family: Book Antiqua; color: #000000; font-size: medium;\"><span style=\"font-family: Book Antiqua; color: #000000; font-size: medium;\"><span style=\"font-family: Book Antiqua; color: #000000; font-size: medium;\"><a name=\"weinpr\"><\/a><span style=\"font-family: Book Antiqua; color: #000000; font-size: medium;\"><span style=\"font-family: Book Antiqua; color: #000000; font-size: medium;\">Erfahren sie alles \u00fcber den Riesling, \u00fcber Anbau, Pflege und Keltern des Weines. <\/span><\/span><\/span><\/span><\/span><\/span><\/p>\n<p><span style=\"font-family: Book Antiqua; color: #000000; font-size: xx-small;\"><span style=\"font-family: Book Antiqua; color: #000000; font-size: medium;\"><span style=\"font-family: Book Antiqua; color: #000000; font-size: medium;\"><span style=\"font-family: Book Antiqua; color: #000000; font-size: medium;\"><a name=\"weinpr\"><\/a><\/span><\/span><\/span><\/span><\/p>\n<p>&nbsp;<\/p>\n<p>Wir bieten Ihnen Weinproben unter fachkundiger Anleitung f\u00fcr kleine und gro\u00dfe Gruppen (bis zu 60 Personen) in deutscher und englischer Sprache in unserer Weinstube an. F\u00fcr Gruppen mit mehr als 25 Personen bieten wir einen Rabatt von 20 % an.<\/p>\n<p><strong><span style=\"text-decoration: underline;\">Weinproben im Weingut <\/span><\/strong><\/p>\n<p><strong><span style=\"text-decoration: underline;\">( *Mindestpreis 120,00 \u20ac f\u00fcr die regul\u00e4re Weinprobe bis 6 Weine, zus\u00e4tzliche Leistungen nicht inbegriffen)<\/span><\/strong><\/p>\n<table>\n<tbody>\n<tr>\n<td>4 Weine *<\/td>\n<td>13,00 EUR\/Pers.<\/td>\n<\/tr>\n<tr>\n<td>5 Weine *<\/td>\n<td>14,00 EUR\/Pers.<\/td>\n<\/tr>\n<tr>\n<td>6 Weine *<\/td>\n<td>15,00 EUR\/Pers.<\/td>\n<\/tr>\n<tr>\n<td><\/td>\n<\/tr>\n<tr>\n<td>zus\u00e4tzliche Proben<\/td>\n<td>auf Anfrage<\/td>\n<\/tr>\n<tr>\n<td><\/td>\n<\/tr>\n<tr>\n<td>zus\u00e4tzlich pro Sekt<\/td>\n<td>2,50 EUR\/Pers.<\/td>\n<\/tr>\n<tr>\n<td><\/td>\n<\/tr>\n<tr>\n<td>zus\u00e4tzlich Beerenauslese<\/td>\n<td>ab 2,50 EUR \/Pers.<\/td>\n<\/tr>\n<tr>\n<td><\/td>\n<\/tr>\n<tr>\n<td>mit K\u00e4sew\u00fcrfeln<\/td>\n<td>2,00 EUR\/Pers.<\/td>\n<\/tr>\n<tr>\n<td>Vesperplatte oder K\u00e4seplatte<\/td>\n<td>15,00 EUR\/Pers.<\/td>\n<\/tr>\n<tr>\n<td>Souvenirglas Cochem<\/td>\n<td>1,50 EUR\/Pers.<\/td>\n<\/tr>\n<\/tbody>\n<\/table>\n<p><strong>NEU: Weinbergspfirsich Probe<\/strong><\/p>\n<p>Eine kleine Verkostung rund um den beliebten Weinbergspfirsich (Dauer ca. 30 Minuten)<\/p>\n<p>Ein Glas Kir Moselle zum Beginn &#8211; einen Weinbergspfirsich Lik\u00f6r &#8211; einen Weinbergspfirsich Brand &#8211; und Weinbergspfirsich Gelee \/ Konfit\u00fcre mit Brot<\/p>\n<p>Preis: 10,00 EUR pro Person (Mindestpreis: 85,00 EUR)<\/p>\n<p><strong>Termine f\u00fcr unsere Winzerweinproben 2026<\/strong><\/p>\n<p>Ab April bis November jeden Donnerstag im Wechsel um 18:00 Uhr mit 6 verschiedenen Weinen und Souvenierglas f\u00fcr 12,00 \u20ac pro Person (Die Weinprobe findet erst ab einer Teilnehmeranzahl von 6 Personen statt)<\/p>\n<p><a href=\"https:\/\/haxel.de\/wp-content\/uploads\/img20260215_13193711-scaled.jpg\"><img loading=\"lazy\" decoding=\"async\" class=\"alignleft wp-image-16403 size-medium\" src=\"https:\/\/haxel.de\/wp-content\/uploads\/img20260215_13193711-285x300.jpg\" alt=\"\" width=\"285\" height=\"300\" srcset=\"https:\/\/haxel.de\/wp-content\/uploads\/img20260215_13193711-285x300.jpg 285w, https:\/\/haxel.de\/wp-content\/uploads\/img20260215_13193711-974x1024.jpg 974w, https:\/\/haxel.de\/wp-content\/uploads\/img20260215_13193711-768x808.jpg 768w, https:\/\/haxel.de\/wp-content\/uploads\/img20260215_13193711-1461x1536.jpg 1461w, https:\/\/haxel.de\/wp-content\/uploads\/img20260215_13193711-1948x2048.jpg 1948w\" sizes=\"auto, (max-width: 285px) 100vw, 285px\" \/><\/a><a href=\"https:\/\/haxel.de\/wp-content\/uploads\/img20260215_13195743-scaled.jpg\"><img loading=\"lazy\" decoding=\"async\" class=\"alignleft wp-image-16404 size-medium\" src=\"https:\/\/haxel.de\/wp-content\/uploads\/img20260215_13195743-283x300.jpg\" alt=\"\" width=\"283\" height=\"300\" srcset=\"https:\/\/haxel.de\/wp-content\/uploads\/img20260215_13195743-283x300.jpg 283w, https:\/\/haxel.de\/wp-content\/uploads\/img20260215_13195743-966x1024.jpg 966w, https:\/\/haxel.de\/wp-content\/uploads\/img20260215_13195743-768x814.jpg 768w, https:\/\/haxel.de\/wp-content\/uploads\/img20260215_13195743-1449x1536.jpg 1449w, https:\/\/haxel.de\/wp-content\/uploads\/img20260215_13195743-1932x2048.jpg 1932w\" sizes=\"auto, (max-width: 283px) 100vw, 283px\" \/><\/a><\/p>\n<p>&nbsp;<\/p>\n<p><!--:--><\/p>\n","protected":false},"excerpt":{"rendered":"<p>Erfahren sie alles \u00fcber den Riesling, \u00fcber Anbau, Pflege und Keltern des Weines. &nbsp; Wir bieten Ihnen Weinproben unter fachkundiger Anleitung f\u00fcr kleine und gro\u00dfe Gruppen (bis zu 60 Personen) in deutscher und englischer Sprache in unserer Weinstube an. F\u00fcr Gruppen mit mehr als 25 Personen bieten wir einen Rabatt von 20 % an. Weinproben [&hellip;]<\/p>\n","protected":false},"author":1,"featured_media":0,"parent":0,"menu_order":11,"comment_status":"closed","ping_status":"closed","template":"","meta":{"footnotes":""},"class_list":["post-49","page","type-page","status-publish","hentry"],"_links":{"self":[{"href":"https:\/\/haxel.de\/index.php?rest_route=\/wp\/v2\/pages\/49","targetHints":{"allow":["GET"]}}],"collection":[{"href":"https:\/\/haxel.de\/index.php?rest_route=\/wp\/v2\/pages"}],"about":[{"href":"https:\/\/haxel.de\/index.php?rest_route=\/wp\/v2\/types\/page"}],"author":[{"embeddable":true,"href":"https:\/\/haxel.de\/index.php?rest_route=\/wp\/v2\/users\/1"}],"replies":[{"embeddable":true,"href":"https:\/\/haxel.de\/index.php?rest_route=%2Fwp%2Fv2%2Fcomments&post=49"}],"version-history":[{"count":11,"href":"https:\/\/haxel.de\/index.php?rest_route=\/wp\/v2\/pages\/49\/revisions"}],"predecessor-version":[{"id":16405,"href":"https:\/\/haxel.de\/index.php?rest_route=\/wp\/v2\/pages\/49\/revisions\/16405"}],"wp:attachment":[{"href":"https:\/\/haxel.de\/index.php?rest_route=%2Fwp%2Fv2%2Fmedia&parent=49"}],"curies":[{"name":"wp","href":"https:\/\/api.w.org\/{rel}","templated":true}]}}