{"id":390,"date":"2014-03-09T18:06:11","date_gmt":"2014-03-09T17:06:11","guid":{"rendered":"http:\/\/haxel.de\/?page_id=390"},"modified":"2026-01-08T12:42:44","modified_gmt":"2026-01-08T11:42:44","slug":"wanderungenfuehrungen","status":"publish","type":"page","link":"https:\/\/haxel.de\/?page_id=390","title":{"rendered":"Wanderungen\/F\u00fchrungen"},"content":{"rendered":"<p>Bei uns k\u00f6nnen Sie verschiedene Wanderungen oder F\u00fchrungen <strong>in und um Cochem<\/strong> buchen.<br \/>\nAlle F\u00fchrungen werden von einem ausgebildeten Kultur- und Weinbotschafter \/ Winzer (Weinbautechniker) durchgef\u00fchrt.<\/p>\n<ul>\n<li>Weinbergsf\u00fchrungen<\/li>\n<li>Stadtf\u00fchrungen<\/li>\n<li>Wanderungen:\n<ul>\n<li>Geologie<\/li>\n<li>Flora &amp; Fauna<\/li>\n<li>Historie<\/li>\n<li>Kultur<\/li>\n<li>uvm<\/li>\n<\/ul>\n<\/li>\n<\/ul>\n<p>Bitte Kontaktieren Sie uns f\u00fcr n\u00e4here Informationen und Preise. Die maximale Personenanzahl betr\u00e4gt pro Wandergruppe 25 Personen!<\/p>\n<p><strong>Kleine Wanderung mit Sesselbahnfahrt und Weinprobe<\/strong><br \/>\nvon April bis Ende Oktober<\/p>\n<p><strong>&#8222;Basispaket&#8220;<\/strong><\/p>\n<p>Begr\u00fc\u00dfungssekt vor Ort am Weingut zum Start<\/p>\n<p>Sesselbahnfahrt<\/p>\n<p>kleine Wanderung zur\u00fcck zum Weingut<\/p>\n<p>1 Wein unterwegs (inklusive Souvenierglas f\u00fcr jeden)<\/p>\n<p>1 Wein zum Abschluss wieder hier im Weingut<\/p>\n<p>Preis pro Person: 25,00 \u20ac<\/p>\n<p>Mindestpreis: 150,00 \u20ac<\/p>\n<p>Dauer: ca. 3 &#8211; 3,5 Stunden je nach Gruppengr\u00f6\u00dfe und Schnelligkeit<\/p>\n<p><strong>Zubuchbare Option dazu:<\/strong><\/p>\n<p>1 bis 3 Weine &#8211; pro Wein 2,50 \u20ac p.P. (extra Zeitaufwand pro Wein \/ Lik\u00f6r oder Brand kann man mit je 15 -20 Minuten rechnen)<\/p>\n<p>1 Lik\u00f6r oder Brand &#8211; 2,50 \u20ac p.P.<\/p>\n<p>Vesperplatte &#8211; 15,00 \u20ac p.P. (vegetarische Variante als K\u00e4seplatte zum gleichen Preis) (hier auch 15 &#8211; 20 Minuten extra einplanen, wird w\u00e4hrend der Weinprobe serviert)<\/p>\n<p>K\u00e4sew\u00fcrfel &#8211; 2,00 \u20ac p.P.<br \/>\n<em> Optionen alle nur vor Ort, nicht f\u00fcr unterwegs. <\/em><\/p>\n<p>&nbsp;<\/p>\n<p><strong>Sondervariante Wanderung mit Sesselbahnfahrt und Weinprobe<\/strong><\/p>\n<p>April bis Oktober &#8211; <strong>nur Samstags<\/strong> von 10:30 &#8211; 14:30 Uhr &#8211; Reservierung erforderlich<\/p>\n<p>1 x Sektempfang<br \/>\n1 x Gef\u00fchrte Wanderung ab\/bis Weingut<br \/>\n1 x Seilbahnfahrt (Bergfahrt)<br \/>\n1 x Unterwegs ein Glas Wein<br \/>\n1 x Souvenierglas zum mitnehmen<br \/>\n1 x Vesperteller + 1 Shoppen Wein 0,2 l<\/p>\n<p>Preis pro Person: 39,00 \u20ac<\/p>\n","protected":false},"excerpt":{"rendered":"<p>Bei uns k\u00f6nnen Sie verschiedene Wanderungen oder F\u00fchrungen in und um Cochem buchen. Alle F\u00fchrungen werden von einem ausgebildeten Kultur- und Weinbotschafter \/ Winzer (Weinbautechniker) durchgef\u00fchrt. Weinbergsf\u00fchrungen Stadtf\u00fchrungen Wanderungen: Geologie Flora &amp; Fauna Historie Kultur uvm Bitte Kontaktieren Sie uns f\u00fcr n\u00e4here Informationen und Preise. Die maximale Personenanzahl betr\u00e4gt pro Wandergruppe 25 Personen! Kleine Wanderung [&hellip;]<\/p>\n","protected":false},"author":2,"featured_media":0,"parent":0,"menu_order":12,"comment_status":"closed","ping_status":"open","template":"","meta":{"footnotes":""},"class_list":["post-390","page","type-page","status-publish","hentry"],"_links":{"self":[{"href":"https:\/\/haxel.de\/index.php?rest_route=\/wp\/v2\/pages\/390","targetHints":{"allow":["GET"]}}],"collection":[{"href":"https:\/\/haxel.de\/index.php?rest_route=\/wp\/v2\/pages"}],"about":[{"href":"https:\/\/haxel.de\/index.php?rest_route=\/wp\/v2\/types\/page"}],"author":[{"embeddable":true,"href":"https:\/\/haxel.de\/index.php?rest_route=\/wp\/v2\/users\/2"}],"replies":[{"embeddable":true,"href":"https:\/\/haxel.de\/index.php?rest_route=%2Fwp%2Fv2%2Fcomments&post=390"}],"version-history":[{"count":4,"href":"https:\/\/haxel.de\/index.php?rest_route=\/wp\/v2\/pages\/390\/revisions"}],"predecessor-version":[{"id":9769,"href":"https:\/\/haxel.de\/index.php?rest_route=\/wp\/v2\/pages\/390\/revisions\/9769"}],"wp:attachment":[{"href":"https:\/\/haxel.de\/index.php?rest_route=%2Fwp%2Fv2%2Fmedia&parent=390"}],"curies":[{"name":"wp","href":"https:\/\/api.w.org\/{rel}","templated":true}]}}